t is the greatest common divisor of 144 and w?
9
Let n be (14/7 + -5)*1 + 37. What is the greatest common factor of n and 187?
17
Suppose 3*a - 6 = -0*t + 4*t, -9 = 3*t. Let b be a - (-6 - 2/1). Suppose 54 = -2*r + 3*r. What is the highest common factor of r and b?
6
Suppose 0 = -2*d - 2*d + 8. Suppose -662 = -0*u - 4*u - 2*n, -d*u + 4*n = -356. Suppose -3*a + a = -u. What is the highest common divisor of 28 and a?
28
Let d(x) = 70*x**3 - 3*x**2 - 10*x + 42. Let q be d(3). Calculate the greatest common divisor of q and 25.
25
Suppose -7 = -3*p + 3*a + 59, -76 = -4*p - 2*a. What is the highest common divisor of 8 and p?
4
Suppose -35 + 29 = -2*c. Suppose -c*l + 90 + 5 = 5*z, -4*l + 115 = -5*z. Calculate the highest common divisor of 40 and l.
10
Let d = 72 + -70. Suppose 273 = 5*z - d*z - 3*a, 365 = 4*z - 3*a. Calculate the highest common divisor of 23 and z.
23
Suppose -4*c + 3*c + 6 = 0. Let z(o) = 6*o + 11. Let q be z(4). Suppose -3*h + q = n, -2 = -2*n - 4. Calculate the highest common divisor of h and c.
6
Let l = -1695 - -1729. What is the greatest common factor of 68 and l?
34
Suppose -5*r = 2*z - 7*z + 2060, -4*r + 1608 = 4*z. What is the highest common factor of 37 and z?
37
Let y = -39 - -66. Let m = y + 7. Let l(c) = 4*c**2 - 10*c + 1. Let q be l(5). Calculate the highest common factor of q and m.
17
Let a = 431 + -365. What is the highest common factor of 12 and a?
6
Let p(r) = r**2 + 19*r - 71. Let x be p(13). Calculate the highest common divisor of 138 and x.
69
Let f = 11 + -9. Suppose 0 = k - 6 + f. Let m be (-2)/(-4) + 94/k. What is the highest common factor of m and 3?
3
Let y(v) = -18*v - 165. Let r be y(-11). Calculate the greatest common divisor of r and 27.
3
Let r = -87 + 84. Let b be (4 - 7) + 10 - r. Calculate the highest common factor of b and 100.
10
Suppose 13*l - 333 = 4*l. Calculate the greatest common divisor of l and 407.
37
Let r(o) be the second derivative of -2/3*o**4 - 1/20*o**5 - 4/3*o**3 + 7/2*o**2 + 0 + o. Let h be r(-7). Calculate the greatest common divisor of 154 and h.
14
Let f be 8 + (3 - 2*-98). Calculate the greatest common factor of 23 and f.
23
Let x = 25 + -8. Suppose 3*g = -900 + 72. Let h = -157 - g. Calculate the highest common factor of h and x.
17
Suppose -1192 + 15 = 11*o. Let i = o + 112. Calculate the highest common factor of 115 and i.
5
Let i = 42 + -83. Let b = 29 + i. Let y = -6 - b. Calculate the greatest common divisor of y and 30.
6
Let j = 101 - 56. Let m = 75 - j. Calculate the greatest common divisor of m and 12.
6
Let k(i) = 2*i**3 - 6*i**2 + 15*i - 31. Let n be k(5). What is the highest common divisor of 156 and n?
12
Suppose -5*n + 40 = -5*j, -5*j + 18 = 5*n - 12. Suppose -155*s - n = -162*s. What is the greatest common divisor of 4 and s?
1
Suppose -483 = -55*f + 48*f. What is the greatest common factor of 69 and f?
69
Let b(a) = -a**2 - 33*a + 19. Let g be b(-31). What is the greatest common factor of g and 18?
9
Suppose -5*a - 5*k + 225 = 0, 4*a - 54 = 4*k + 86. What is the greatest common factor of 1000 and a?
40
Let g(n) = -n**3 + n**2 + 4*n + 12. Let o be g(-3). What is the highest common factor of 9 and o?
9
Let g = 34 - 64. Let l = g - -6. Let f be (21/(-12) + -2)*l. Calculate the highest common factor of f and 18.
18
Suppose -2*l + 153 + 13 = 0. Suppose 23 = h + 5*n, 0 = 5*h + 3*n - 32 - l. Let s be 115/(-15)*(1 + -7). Calculate the highest common factor of s and h.
23
Suppose 0 = -4*j - j + 250. Let n = j + -47. Calculate the greatest common factor of 15 and n.
3
Let i be 302*12/104 - (-34)/221. What is the highest common divisor of 15 and i?
5
Let a be -5 - (-54)/((-48)/(-8)). Calculate the highest common factor of a and 332.
4
Suppose 0 = -5*d + 363 + 62. Let x(j) = -3*j + 8. Let r be 15/(-30) + 10/(-4). Let l be x(r). What is the greatest common divisor of d and l?
17
Let h be (-4 + 2)*(-2)/(-4). Let o be h*3*18/27. Let r be (-4)/o - (4 - 117). Calculate the greatest common factor of r and 46.
23
Suppose -3*y = 2*y - 60. Suppose y = -3*g + g. Let b be (0 - (-15)/(-2))*g. What is the highest common factor of 30 and b?
15
Suppose -4*p - 6 + 2 = 0. Let i(o) = -12 - 16*o + 1 + 11. Let n be i(p). Calculate the highest common divisor of 4 and n.
4
Let q(v) = 14*v**3 + 2*v**2 + 5*v + 2. Let j be q(-2). Let n be -7*(-3)/(-3) + -1. Let x be (-42)/j + (-61)/n. Calculate the highest common divisor of 88 and x.
8
Let z(s) = s**2 + s**3 + 0*s**2 - 2 + 3 - 2. Let a be z(1). Let x(i) = -i - 3. Let l be x(-14). What is the greatest common factor of l and a?
1
Let s = -119 + 119. Suppose 5*p = 4*f + 2, s*p - 8 = -p - 3*f. Calculate the greatest common factor of 1 and p.
1
Let j(z) = z**3 + 2*z**2 - z + 13. Let f be j(0). Suppose -3*r + 52 = -65. What is the highest common divisor of f and r?
13
Suppose 5*u = 3*g - 4*g + 49, 267 = 5*g + 3*u. Suppose 8*z + 14 = g. What is the greatest common divisor of 80 and z?
5
Suppose 0*f - 5*a + 160 = 3*f, -5*a = f - 50. Suppose 2*z = -3*i - 0*z + 37, -5*i + 3*z + 49 = 0. What is the highest common factor of f and i?
11
Let c(s) = 2*s - 6. Let x be c(13). Suppose x = 2*k - k + 3*a, 10 = 4*k - 2*a. Let v = 511 - 491. Calculate the highest common divisor of k and v.
5
Let y be 10/20 + (-358)/(-4). Suppose y = 3*r - 99. Let h = 22 - 13. What is the greatest common factor of r and h?
9
Suppose -x - 2*f = -7, 2*x = -2*f + 4*f - 4. Suppose -1 - x = -u. Suppose -3*g + 42 = -u*g. Calculate the greatest common factor of 6 and g.
6
Let t(s) = 4*s**2 - 36*s + 84. Let j be t(8). Calculate the greatest common factor of j and 1976.
52
Suppose -u + 0*u - 2*v = -88, 0 = -4*u + 5*v + 287. Let m be (-13)/(((-4)/(-8))/(-1)). Calculate the greatest common factor of u and m.
26
Let a = -164 - -309. Suppose j + 3*b = 163, a = 2*j - 2*b - 213. What is the greatest common divisor of j and 35?
35
Let p be ((-16)/3)/(2/(-15)). Suppose 230 = k + p. Suppose 2*x + 38 = k. What is the greatest common factor of 19 and x?
19
Let a = 299 + -221. What is the greatest common factor of 26 and a?
26
Let l(y) = y**2 - 2*y - 1. Let p be l(2). Let s = p - -50. Let j = -34 + s. Calculate the highest common divisor of 6 and j.
3
Let c(m) = 17*m**2 + 16*m + 61. Let i be c(-5). What is the highest common factor of 21 and i?
7
Let p be 2/(-17) - -1*(-3090)/(-255). Calculate the greatest common divisor of 356 and p.
4
Let a = -597 + 632. Suppose -4*s + 1 + 19 = 0. Suppose s = z - 0*z. What is the highest common divisor of z and a?
5
Suppose -5*d - 2*c + c + 78 = 0, 3*d + 2*c = 44. What is the greatest common factor of d and 128?
16
Suppose 24734 = 88*d - 36602. What is the greatest common factor of 82 and d?
41
Let m(s) = -15*s - 75. Let y be m(-6). Suppose -7*b + 3*b = -540. Calculate the highest common factor of y and b.
15
Let u(b) = -b**3 + 5*b**2 + b - 1. Let g be u(5). Suppose 2*x + m = 5, 4*x = -m + g*m + 5. Let j = x + 4. Calculate the greatest common divisor of j and 48.
6
Suppose 0 = n + n - 4. Let k(l) = 2*l - 8. Let y be k(6). Suppose 0 = -3*q - 3, y*r - 8*r + 34 = -2*q. Calculate the highest common factor of n and r.
2
Let d = -277 + 323. Calculate the highest common divisor of d and 115.
23
Suppose -2*b + 280 = 3*b. Suppose w + 3 = -2*y - 3*y, -w = -y - 9. Calculate the greatest common factor of b and w.
7
Suppose -24*w + 3*i + 48 = -21*w, 0 = -3*i - 9. Suppose -5*o + 19 + 46 = 0. Calculate the greatest common divisor of o and w.
13
Let s = -14 + 34. Suppose -143*o + 731 + 3154 = 116*o. What is the greatest common divisor of s and o?
5
Let w be 2*(-2 + 1) + 3. Let b be 2/4*-2 + w. Let f(q) = -q**2 - q + 72. Let j be f(b). Calculate the highest common factor of j and 8.
8
Suppose -12*z + 30 = -9*z. Let i(y) = y**2 + 2*y + 2. Let g be i(-4). What is the greatest common factor of z and g?
10
Let l(y) = 8*y + 2. Let p be l(8). Let k = 40 + -34. What is the greatest common divisor of k and p?
6
Suppose 2*y = 19 + 93. Let b = -2 - -2. Let i = b - -7. Calculate the greatest common divisor of i and y.
7
Suppose i + 6 = 4*i. Suppose -3*z = i*z - 5*y - 155, -z + 29 = -3*y. What is the greatest common divisor of z and 2?
2
Let o be 0/8*1/(-2). Let g be (-54 + o)*10/(-20). Calculate the highest common factor of g and 18.
9
Suppose 3*x - 5*m = 95 + 8, 2*m + 62 = 2*x. Let a = -86 + 1